m is divided by d?
8
Suppose -74*g = -2*g - 6480. What is the remainder when g is divided by 41?
8
Suppose k = -2*v + 27, 0 = -4*v + 2*k - 7*k + 39. Suppose q + v = 5*q. Suppose 7*i - 151 = -q. Calculate the remainder when i is divided by 6.
3
Suppose 96 = -11*y + 5*y. What is the remainder when 327/8 + y/(-128) is divided by 17?
7
Suppose -26*i + 88*i - 1059 = 615. Calculate the remainder when 3048 is divided by i.
24
Let s(l) = l**2 - l + 77. Suppose -2 = -2*j + 4*j, -z - 3*j = 3. Calculate the remainder when s(z) is divided by 5.
2
What is the remainder when 11/((-264)/(-3162)) - (-33)/(-44) is divided by 52?
27
Let z(d) = -4*d + 166. Let h(b) = 7*b - 167. Let u(k) = 5*h(k) + 6*z(k). What is the remainder when 405 is divided by u(-12)?
28
Let y = -49 + 53. Let q(c) = 6*c**2 - 20*c + 73. Suppose 0 = -m - 4*w + 2 - 1, -4*m - w = -49. What is the remainder when q(y) is divided by m?
11
Suppose -10566 - 30083 = -28*k - 3717. Calculate the remainder when k is divided by 220.
219
Suppose h = 3*m - 8, -2*m - 2*h + 12 + 4 = 0. Suppose 132 = 4*u - 4*q, 6*u + m*q - 165 = u. Calculate the remainder when 48 is divided by u.
15
Suppose -70*m = -69*m - 5. Suppose -n - 2*j = -20, m*n + 3*j = -0*n + 86. What is the remainder when 78 is divided by n?
14
Let w(o) be the second derivative of o**4/6 + 2*o**3 + 15*o**2 + 7*o. Let p be w(-9). Suppose 10*i + p = 16*i. Calculate the remainder when i is divided by 4.
2
Let a = -28 + 37. Let w(s) = s**3 + 8*s**2 - 5*s - 17. What is the remainder when -3*((-219)/a + 3) is divided by w(-8)?
18
Suppose -19 + 11 = -2*h. Suppose -h*p - p - 4*g = 331, -3*p - 3*g - 201 = 0. Let i = p - -86. What is the remainder when i is divided by 8?
7
Let q(f) = 2*f**2 + 5*f + 2. Let y be q(-3). Suppose 0 = -5*g + 2*m + 67, -y*g - 4*m + 53 + 38 = 0. What is the remainder when 29 is divided by g?
14
Let r = 3481 - 3467. Suppose -4*j + 2*j - 10 = 0. What is the remainder when r is divided by j/(-1*(-1 + 2))?
4
Suppose 0 = 2*i - 111 - 53. Suppose -4*m + 2*x = 4*x - 58, 79 = 5*m - 4*x. Calculate the remainder when i is divided by m.
7
Suppose -4*l + 7*l = 30. Let i = l - 14. What is the remainder when 30 is divided by i/2*(-408)/48?
13
Let s(n) = -n**3 - 10*n**2 - 2*n - 16. Let l be s(-7). Let i be (-4)/6 - (-2)/((-6)/l). Suppose -20 = -3*f + i. Calculate the remainder when f is divided by 16.
7
Let u be ((-30)/21)/(18/(-42))*9. Suppose 35*i - u*i - 135 = 0. Calculate the remainder when 188 is divided by i.
26
Suppose 222*o - 7350 = 57570 - 5424. Calculate the remainder when 1070 is divided by o.
266
Let b(i) be the first derivative of 44*i**2 - i - 2. Let v = 33009 - 32991. Calculate the remainder when b(1) is divided by v.
15
Suppose 5*p + 258 - 558 = 0. What is the remainder when 2*1/(-4)*-358 is divided by p?
59
Let d = -12 + 6. Let c = d - -25. What is the remainder when c is divided by (26/(-4) - -2)/((-9)/12)?
1
Let d = 10747 - 10059. What is the remainder when d is divided by 53?
52
Suppose 309 = 21*x - 1959. Calculate the remainder when 248 is divided by x.
32
Let b(t) = t**3 + t + 49. Let u(v) = 7*v**2 - 155*v + 33. Let y be u(22). Suppose -y*j = -35*j + 648. What is the remainder when b(0) is divided by j?
22
Suppose -2*c + i = 6, -c - 3*i - i = 3. Let a = 4 - 2. What is the remainder when 2/c + (1 - (-20)/12) is divided by a?
0
Let o(y) = y**2 - 15*y + 56. Suppose -4*r + 3 - 58 = -3*h, -5*h - 4*r + 49 = 0. What is the remainder when 176 is divided by o(h)?
26
Let b(q) = 7*q**2 - 21*q - 12. Let c be b(9). Let v = c - 237. Suppose -7*f + v = -130. Calculate the remainder when f is divided by 13.
11
Suppose -5*d = 3*s - 78, 30 + 66 = 5*s - 3*d. Suppose -102 = -25*k + 42*k. Calculate the remainder when 2 - (6 + (-112 - k)) is divided by s.
18
Let v(k) = -33*k + 285. Let c be v(9). What is the remainder when (47/10*c)/((-4)/10) is divided by 64?
13
Let s(z) = 2*z**2 + 23*z - 1. Suppose 2*y + u = -23 - 4, 3*y = 4*u - 46. What is the remainder when s(y) is divided by 7?
6
Let y = 8 + 16. Calculate the remainder when y is divided by (10 - 4)*(4/32 + (-12)/(-32)).
0
Let q be 1/(3/30*2). Suppose r - 5*u = -2, -4*r - q*u + 50 = r. What is the remainder when 127 is divided by r?
7
Suppose y - 75 = -0*y + 3*h, 5*h - 107 = -y. Suppose -2*f = g - 157, -4*f + 202 = -2*g - 108. Let u = -34 + f. Calculate the remainder when y is divided by u.
43
Let w = -2315 + 2397. Suppose 0 = -4*v + s + 430, 2*v - 550 = -3*v - 5*s. What is the remainder when v is divided by w?
26
Calculate the remainder when 223 is divided by (-12 - -4 - 4) + 54.
13
Let n be (10 - (1 - -1)) + 1 + -3. Suppose 2*h - 20 = -2*h - 4*u, 3*u - n = -2*h. Let j = 9 + h. Calculate the remainder when j is divided by 15.
3
Suppose 2*h - 30 = -3*r, -r - 11 = -3*h + 3*r. Let u(x) = 17*x + 177. Let s be u(-14). Let b = 66 + s. Calculate the remainder when h is divided by b.
4
Let d(b) = -3 - b**2 + 9 - 2 + 17*b + 12. Let h be -1 + (1 - -2 - -13). Calculate the remainder when d(h) is divided by 3.
1
Suppose -8*p + 2*p = 0. Suppose 13*l - 17*l - 40 = p. Calculate the remainder when 92 is divided by (-236)/(-10) + ((-14)/l - 1).
20
Let o = -7637 + 7791. Calculate the remainder when 256 is divided by o.
102
Let t be (-12)/(-5)*750/100. Let h(g) = -3*g + 85. What is the remainder when h(t) is divided by (-38)/(-3) - 2/3?
7
Let b be (-2)/(-14) - (-18)/21. What is the remainder when 70 + (-3)/(b + 2) is divided by (84/(-35)*1)/((-2)/20)?
21
Let c = -76 + 140. Suppose 5*m - 121 = 3*a, -a + 2*a + 5*m + 47 = 0. Let u = c + a. Calculate the remainder when 40 is divided by u.
18
Let l be 1/(-1)*0/5. Let s = l + 2. Suppose 0 = -4*a - 4*q - 16, 4*q = -11*a + 16*a - 34. What is the remainder when a is divided by s?
0
Suppose -g + 2*d = 2*g + 1269, g = d - 424. Let o = g - -572. Suppose -4*r - 40 = -5*r. Calculate the remainder when o is divided by r.
31
Suppose -547*i + 464*i = -451852. Calculate the remainder when i is divided by 11.
10
Let o = 22 - 46. Let m be (-24)/2*10/(-3). Let i = m + o. What is the remainder when i is divided by 6?
4
Let b(g) = -5*g**3 + 5*g**2 - 6*g + 16. Let d be b(4). Let w = 285 + d. Calculate the remainder when w is divided by 20.
17
What is the remainder when 94 is divided by (12/(-3 - -2) - (-43 - -37)) + 94?
6
Let u(t) = t**2 - 3*t - 10. Suppose 492 = -12*f + 8*f. Let x = -65 - f. What is the remainder when x is divided by u(-5)?
28
Suppose 0 = -19*p - 19 + 95. Suppose 2*z + 4*i = -3*z + 76, 0 = -3*z - p*i + 44. What is the remainder when 525 is divided by z?
13
Let r = -18234 - -18389. Calculate the remainder when r is divided by 35.
15
Let s(u) = 543*u**3 + u**2 + 5*u - 4. Calculate the remainder when 1095 is divided by s(1).
5
Let l = 53 + -10. Suppose 542 = 9*n - l. What is the remainder when 388 is divided by n?
63
Let i(o) = -o**3 + 21*o**2 - 17*o - 58. Let n be i(20). Let k be (48 - 3)*(-4)/6. Calculate the remainder when ((-6)/k*-32)/(n/(-20)) is divided by 22.
20
Suppose -277 = -2*z - z - 2*n, -3*z - 5*n = -274. Let d = 16 + 1. What is the remainder when z is divided by 1*2 + (31 - d)?
13
Suppose -3*s = -s - 3*t + 63, t = 3. Let k = -25 - s. Let g(y) = 102*y - 14. Calculate the remainder when g(k) is divided by 24.
22
Let v(j) = -843*j - 521. What is the remainder when v(-7) is divided by 26?
24
Let x = -1191 - -1265. What is the remainder when (-32)/(-6 + 816/138) is divided by x?
72
Let u = 11472 - 10746. What is the remainder when u is divided by 228?
42
Let c = 3083 + -2899. What is the remainder when c is divided by 173?
11
Suppose -5*y + 5496 = 4*p, 8*y + 841 = 2*p - 1865. Calculate the remainder when p is divided by 455.
4
Let k = 4364 + -4325. What is the remainder when 1154 is divided by k?
23
Suppose -3*n - 13 = -22. Suppose -n*m + 47*a - 50*a = -96, 136 = 4*m + 2*a. What is the remainder when 323 is divided by m?
35
Let p = 511 + -493. What is the remainder when 21 is divided by p?
3
Suppose -23*a - 100 = -27*a. Suppose -3*g = 2*p - 25, 0 = -4*p + 9*g - 10*g + a. Calculate the remainder when 18 is divided by p.
3
Let q = 75 + -69. Let m(x) = -x**2 + 8*x - 8. Let j be m(q). Suppose -8 = j*c - 40. Calculate the remainder when c is divided by 6.
2
Suppose -18*b - 4*g + 35 = -15*b, -g = -3*b + 25. What is the remainder when 665 is divided by b?
8
Let n 